y 127.
21
Calculate the remainder when 487894 is divided by 48787.
24
What is the remainder when 21369 is divided by 702?
309
Calculate the remainder when 117180 is divided by 214.
122
Calculate the remainder when 300623 is divided by 1566.
1517
What is the remainder when 1092888 is divided by 14193?
27
What is the remainder when 44847 is divided by 6210?
1377
What is the remainder when 3027253 is divided by 1513621?
11
What is the remainder when 2105305 is divided by 4627?
20
What is the remainder when 78888 is divided by 9846?
120
What is the remainder when 6570296 is divided by 66?
62
Calculate the remainder when 3232693 is divided by 59.
24
Calculate the remainder when 6032656 is divided by 44.
36
What is the remainder when 90679141 is divided by 841?
839
Calculate the remainder when 61459831 is divided by 30729910.
11
What is the remainder when 45074479 is divided by 1408577?
15
What is the remainder when 1641364 is divided by 1641269?
95
What is the remainder when 3250471 is divided by 498?
25
What is the remainder when 33684 is divided by 107?
86
Calculate the remainder when 17727424 is divided by 4238.
4108
Calculate the remainder when 1138734 is divided by 1138698.
36
What is the remainder when 8760809 is divided by 65379?
23
What is the remainder when 95507 is divided by 47430?
647
What is the remainder when 42291712 is divided by 8458339?
17
What is the remainder when 11024825 is divided by 291?
290
Calculate the remainder when 5695364 is divided by 1466.
1420
Calculate the remainder when 9420053 is divided by 176.
5
Calculate the remainder when 170486281 is divided by 85243137.
7
Calculate the remainder when 106745 is divided by 4267.
70
What is the remainder when 8676050 is divided by 480?
50
What is the remainder when 14461 is divided by 1058?
707
What is the remainder when 831689 is divided by 706?
21
What is the remainder when 9980 is divided by 72?
44
Calculate the remainder when 8453174 is divided by 2081.
152
Calculate the remainder when 27216710 is divided by 198.
26
What is the remainder when 2213598 is divided by 2031?
1839
Calculate the remainder when 562137 is divided by 1620.
1617
What is the remainder when 1230368 is divided by 287?
286
Calculate the remainder when 5803353 is divided by 52.
49
What is the remainder when 2765556 is divided by 113?
107
What is the remainder when 25547127 is divided by 8?
7
What is the remainder when 5178 is divided by 4499?
679
What is the remainder when 352872822 is divided by 2831?
2827
Calculate the remainder when 133692615 is divided by 23.
9
Calculate the remainder when 576904615 is divided by 17.
10
What is the remainder when 364302 is divided by 72828?
162
What is the remainder when 238188 is divided by 7678?
170
What is the remainder when 3113834 is divided by 239517?
113
What is the remainder when 4808310 is divided by 5284?
5154
Calculate the remainder when 286067 is divided by 3365.
42
Calculate the remainder when 370392 is divided by 18.
6
Calculate the remainder when 4339340 is divided by 2545.
115
What is the remainder when 8843276 is divided by 8843276?
0
What is the remainder when 747837 is divided by 49844?
177
Calculate the remainder when 3512643 is divided by 5806.
13
What is the remainder when 3627154 is divided by 1259?
1234
Calculate the remainder when 116986339 is divided by 71.
65
What is the remainder when 38423409 is divided by 366?
363
What is the remainder when 33435380 is divided by 5208?
20
Calculate the remainder when 1247526 is divided by 68.
66
Calculate the remainder when 1086358 is divided by 62.
56
What is the remainder when 131610 is divided by 1907?
27
What is the remainder when 16232122 is divided by 1422?
1414
What is the remainder when 1724455 is divided by 68964?
355
Calculate the remainder when 14576 is divided by 1610.
86
Calculate the remainder when 5074323 is divided by 408.
27
Calculate the remainder when 1801757 is divided by 600547.
116
Calculate the remainder when 20390711 is divided by 174.
173
What is the remainder when 19088695 is divided by 954434?
15
Calculate the remainder when 113976 is divided by 9432.
792
What is the remainder when 6313860 is divided by 3156901?
58
What is the remainder when 179262 is divided by 282?
192
What is the remainder when 1358441 is divided by 452778?
107
Calculate the remainder when 18270654 is divided by 64.
62
What is the remainder when 4102557 is divided by 176?
173
Calculate the remainder when 667771 is divided by 49.
48
Calculate the remainder when 503909 is divided by 940.
69
What is the remainder when 71317582 is divided by 324?
322
What is the remainder when 3213 is divided by 1536?
141
What is the remainder when 217420371 is divided by 115?
106
Calculate the remainder when 11766864 is divided by 270.
264
Calculate the remainder when 343523 is divided by 5944.
4715
What is the remainder when 10279190 is divided by 148?
146
What is the remainder when 173005 is divided by 182?
105
Calculate the remainder when 7615 is divided by 6505.
1110
What is the remainder when 6307703 is divided by 191140?
83
Calculate the remainder when 2812758 is divided by 62.
4
Calculate the remainder when 5063605 is divided by 484.
481
Calculate the remainder when 585398 is divided by 9756.
38
Calculate the remainder when 756974 is divided by 555.
509
Calculate the remainder when 80531 is divided by 731.
121
Calculate the remainder when 56896901 is divided by 17179.
53
Calculate the remainder when 208411 is divided by 5296.
1867
What is the remainder when 11037 is divided by 5508?
21
Calculate the remainder when 66181 is divided by 16498.
189
What is the remainder when 357365 is divided by 15461?
1762
What is the remainder when 4922193 is divided by 4922169?
24
What is the remainder when 23577558 is divided by 20?
18
What is the remainder when 11969083 is divided by 76?
71
Calculate the remainder when 159011 is divided by 128.
35
Calculate the remainder when 125351 is divided by 5137.
2063
What is the remainder when 19588 is divided by 915?
373
What is the remainder when 6634098 is divided by 16967?
1
What is the remainder when 15539914 is divided by 817890?
4
Calculate the remainder when 15742096 is divided by 20.
16
What is the remainder when 501085 is divided by 6312?
2437
Calculate the remainder when 736532 is divided by 49102.
2
Calculate the remainder when 878701 is divided by 111.
25
What is the remainder when 3201682 is divided by 114327?
526
Calculate the remainder when 7960 is divided by 72.
40
What is the remainder when 23522312 is divided by 811114?
6
Calculate the remainder when 1222816 is divided by 2019.
1321
What is the remainder when 1568702 is divided by 300?
2
What is the remainder when 61813375 is divided by 5624?
5615
What is the remainder when 119823 is divided by 769?
628
Calculate the remainder when 2758780 is divided by 6476.
4
What is the remainder when 3337254 is divided by 476744?
46
Calculate the remainder when 148370387 is divided by 3749.
3712
Calculate the remainder when 1883743 is divided by 86.
85
What is the remainder when 1178840 is divided by 117867?
170
What is the remainder when 1365309 is divided by 682624?
61
What is the remainder when 1381536 is divided by 607?
4
What is the remainder when 67386310 is divided by 3906?
3904
What is the remainder when 29880786 is divided by 198?
12
Calculate the remainder when 284238 is divided by 47322.
306
What is the remainder when 3248404 is divided by 54140?
4
What is the remainder when 577806 is divided by 96254?
282
Calculate the remainder when 3268 is divided by 1324.
620
What is the remainder when 86674 is divided by 777?
427
Calculate the remainder when 2310562 is divided by 11382.
16
Calculate the remainder when 283788 is divided by 167.
55
Calculate the remainder when 5146504 is divided by 1715473.
85
Calculate the remainder when 520254 is divided by 2120.
854
What is the remainder when 498986918 is divided by 20?
18
Calculate the remainder when 27404 is divided by 145.
144
Calculate the remainder when 70474719 is divided by 11.
7
Calculate the remainder when 9446277 is divided by 3148751.
24
Calculate the remainder when 1105469 is divided by 135.
89
What is the remainder when 508424 is divided by 127?
43
What is the remainder whe